{"id":27085,"date":"2025-08-18T08:42:32","date_gmt":"2025-08-18T08:42:32","guid":{"rendered":"https:\/\/hataydenizkuyumculuk.com.tr\/?page_id=27085"},"modified":"2025-08-18T08:44:23","modified_gmt":"2025-08-18T08:44:23","slug":"hatay-altin-tamiri","status":"publish","type":"page","link":"https:\/\/hataydenizkuyumculuk.com.tr\/index.php\/hatay-altin-tamiri\/","title":{"rendered":"Hatay Alt\u0131n Tamiri"},"content":{"rendered":"\t\t<div data-elementor-type=\"wp-page\" data-elementor-id=\"27085\" class=\"elementor elementor-27085\">\n\t\t\t\t\t\t<section class=\"wd-negative-gap elementor-section elementor-top-section elementor-element elementor-element-5f372307 wd-section-stretch elementor-section-content-middle elementor-section-boxed elementor-section-height-default elementor-section-height-default\" data-id=\"5f372307\" data-element_type=\"section\" data-settings=\"{&quot;background_background&quot;:&quot;classic&quot;}\">\n\t\t\t\t\t\t\t<div class=\"elementor-background-overlay\"><\/div>\n\t\t\t\t\t\t\t<div class=\"elementor-container elementor-column-gap-no\">\n\t\t\t\t\t<div class=\"elementor-column elementor-col-50 elementor-top-column elementor-element elementor-element-1e777f14\" data-id=\"1e777f14\" data-element_type=\"column\" data-settings=\"{&quot;background_background&quot;:&quot;classic&quot;}\">\n\t\t\t<div class=\"elementor-widget-wrap elementor-element-populated\">\n\t\t\t\t\t\t<section class=\"wd-negative-gap elementor-section elementor-inner-section elementor-element elementor-element-20f942b1 elementor-section-boxed elementor-section-height-default elementor-section-height-default\" data-id=\"20f942b1\" data-element_type=\"section\" data-settings=\"{&quot;background_background&quot;:&quot;classic&quot;}\">\n\t\t\t\t\t\t<div class=\"elementor-container elementor-column-gap-default\">\n\t\t\t\t\t<div class=\"elementor-column elementor-col-100 elementor-inner-column elementor-element elementor-element-72f7ba02\" data-id=\"72f7ba02\" data-element_type=\"column\">\n\t\t\t<div class=\"elementor-widget-wrap elementor-element-populated\">\n\t\t\t\t\t\t<div class=\"elementor-element elementor-element-643e126a wd-width-100 elementor-widget elementor-widget-wd_title\" data-id=\"643e126a\" data-element_type=\"widget\" data-widget_type=\"wd_title.default\">\n\t\t\t\t<div class=\"elementor-widget-container\">\n\t\t\t\t\t\t\t<div class=\"title-wrapper set-mb-s reset-last-child wd-title-color-default wd-title-style-default wd-title-size-default text-left\">\n\n\t\t\t\n\t\t\t<div class=\"liner-continer\">\n\t\t\t\t<h4 class=\"woodmart-title-container title wd-fontsize-l\">De\u011ferinizi korur, \u0131\u015f\u0131lt\u0131n\u0131z\u0131 geri kazand\u0131r\u0131r<\/h4> \n\t\t\t\t\t\t\t<\/div>\n\n\t\t\t\t\t<\/div>\n\t\t\t\t\t\t<\/div>\n\t\t\t\t<\/div>\n\t\t\t\t<div class=\"elementor-element elementor-element-331510e1 elementor-widget elementor-widget-wd_text_block\" data-id=\"331510e1\" data-element_type=\"widget\" data-widget_type=\"wd_text_block.default\">\n\t\t\t\t<div class=\"elementor-widget-container\">\n\t\t\t\t\t\t\t<div class=\"wd-text-block reset-last-child text-left\">\n\t\t\t\n\t\t\t<p data-start=\"95\" data-end=\"418\">Alt\u0131n tak\u0131lar, hem maddi hem de manevi a\u00e7\u0131dan b\u00fcy\u00fck bir de\u011fere sahiptir. Zamanla y\u0131pranan, k\u0131r\u0131lan veya eski parlakl\u0131\u011f\u0131n\u0131 kaybeden tak\u0131lar\u0131n\u0131z\u0131 g\u00fcvenle kullanabilmeniz i\u00e7in profesyonel bir bak\u0131m gerekir. <strong data-start=\"299\" data-end=\"321\">Hatay alt\u0131n tamiri<\/strong> hizmetleri, usta kuyumcular\u0131n titiz i\u015f\u00e7ili\u011fi ile tak\u0131lar\u0131n\u0131z\u0131 ilk g\u00fcnk\u00fc \u0131\u015f\u0131lt\u0131s\u0131na kavu\u015fturur.<\/p><p data-start=\"420\" data-end=\"455\">\u00a0<\/p>\n\t\t\t\t\t<\/div>\n\t\t\t\t\t\t<\/div>\n\t\t\t\t<\/div>\n\t\t\t\t<div class=\"elementor-element elementor-element-4f1cfb64 elementor-widget elementor-widget-wd_text_block\" data-id=\"4f1cfb64\" data-element_type=\"widget\" data-widget_type=\"wd_text_block.default\">\n\t\t\t\t<div class=\"elementor-widget-container\">\n\t\t\t\t\t\t\t<div class=\"wd-text-block reset-last-child text-left\">\n\t\t\t\n\t\t\t<p>Ustal\u0131\u011f\u0131n ve g\u00fcvenin birle\u015fti\u011fi Hatay kuyumculu\u011funda, alt\u0131n tamiri yaln\u0131zca teknik bir i\u015flem de\u011fil, ayn\u0131 zamanda tak\u0131n\u0131za yeniden hayat verme sanat\u0131d\u0131r.<\/p>\n\t\t\t\t\t<\/div>\n\t\t\t\t\t\t<\/div>\n\t\t\t\t<\/div>\n\t\t\t\t\t<\/div>\n\t\t<\/div>\n\t\t\t\t\t<\/div>\n\t\t<\/section>\n\t\t\t\t\t<\/div>\n\t\t<\/div>\n\t\t\t\t<div class=\"elementor-column elementor-col-50 elementor-top-column elementor-element elementor-element-5712132d\" data-id=\"5712132d\" data-element_type=\"column\">\n\t\t\t<div class=\"elementor-widget-wrap elementor-element-populated\">\n\t\t\t\t\t\t<div class=\"elementor-element elementor-element-651518a3 elementor-widget elementor-widget-wd_image_or_svg\" data-id=\"651518a3\" data-element_type=\"widget\" data-widget_type=\"wd_image_or_svg.default\">\n\t\t\t\t<div class=\"elementor-widget-container\">\n\t\t\t\t\t\n\t\t<div class=\"wd-image text-center\">\n\t\t\t\t\t\t\t\t<img fetchpriority=\"high\" decoding=\"async\" width=\"640\" height=\"640\" src=\"https:\/\/hataydenizkuyumculuk.com.tr\/wp-content\/uploads\/2025\/08\/Adsiz-tasarim-2025-08-18T114323.127.png\" class=\"attachment-full size-full\" alt=\"\" srcset=\"https:\/\/hataydenizkuyumculuk.com.tr\/wp-content\/uploads\/2025\/08\/Adsiz-tasarim-2025-08-18T114323.127.png 640w, https:\/\/hataydenizkuyumculuk.com.tr\/wp-content\/uploads\/2025\/08\/Adsiz-tasarim-2025-08-18T114323.127-300x300.png 300w, https:\/\/hataydenizkuyumculuk.com.tr\/wp-content\/uploads\/2025\/08\/Adsiz-tasarim-2025-08-18T114323.127-150x150.png 150w, https:\/\/hataydenizkuyumculuk.com.tr\/wp-content\/uploads\/2025\/08\/Adsiz-tasarim-2025-08-18T114323.127-430x430.png 430w\" sizes=\"(max-width: 640px) 100vw, 640px\" \/>\t\t\t\t\t<\/div>\n\n\t\t\t\t\t\t<\/div>\n\t\t\t\t<\/div>\n\t\t\t\t\t<\/div>\n\t\t<\/div>\n\t\t\t\t\t<\/div>\n\t\t<\/section>\n\t\t\t\t<\/div>\n\t\t","protected":false},"excerpt":{"rendered":"<p>De\u011ferinizi korur, \u0131\u015f\u0131lt\u0131n\u0131z\u0131 geri kazand\u0131r\u0131r Alt\u0131n tak\u0131lar, hem maddi hem de manevi a\u00e7\u0131dan b\u00fcy\u00fck bir de\u011fere sahiptir. Zamanla y\u0131pranan, k\u0131r\u0131lan<\/p>\n","protected":false},"author":1,"featured_media":0,"parent":0,"menu_order":0,"comment_status":"closed","ping_status":"closed","template":"","meta":{"footnotes":""},"class_list":["post-27085","page","type-page","status-publish","hentry"],"_links":{"self":[{"href":"https:\/\/hataydenizkuyumculuk.com.tr\/index.php\/wp-json\/wp\/v2\/pages\/27085","targetHints":{"allow":["GET"]}}],"collection":[{"href":"https:\/\/hataydenizkuyumculuk.com.tr\/index.php\/wp-json\/wp\/v2\/pages"}],"about":[{"href":"https:\/\/hataydenizkuyumculuk.com.tr\/index.php\/wp-json\/wp\/v2\/types\/page"}],"author":[{"embeddable":true,"href":"https:\/\/hataydenizkuyumculuk.com.tr\/index.php\/wp-json\/wp\/v2\/users\/1"}],"replies":[{"embeddable":true,"href":"https:\/\/hataydenizkuyumculuk.com.tr\/index.php\/wp-json\/wp\/v2\/comments?post=27085"}],"version-history":[{"count":4,"href":"https:\/\/hataydenizkuyumculuk.com.tr\/index.php\/wp-json\/wp\/v2\/pages\/27085\/revisions"}],"predecessor-version":[{"id":27090,"href":"https:\/\/hataydenizkuyumculuk.com.tr\/index.php\/wp-json\/wp\/v2\/pages\/27085\/revisions\/27090"}],"wp:attachment":[{"href":"https:\/\/hataydenizkuyumculuk.com.tr\/index.php\/wp-json\/wp\/v2\/media?parent=27085"}],"curies":[{"name":"wp","href":"https:\/\/api.w.org\/{rel}","templated":true}]}}